{"id":4783,"date":"2023-12-21T12:36:21","date_gmt":"2023-12-21T11:36:21","guid":{"rendered":"https:\/\/www.residencelidoazzurro.it\/capoliveri\/"},"modified":"2024-02-13T16:41:06","modified_gmt":"2024-02-13T15:41:06","slug":"capoliveri","status":"publish","type":"page","link":"https:\/\/www.residencelidoazzurro.it\/fr\/capoliveri\/","title":{"rendered":"Capoliveri"},"content":{"rendered":"<div class=\"wpb-content-wrapper\"><p>[vc_row full_width=\u00a0\u00bbstretch_row\u00a0\u00bb css=\u00a0\u00bb.vc_custom_1644324629605{padding-top: 50px !important;}\u00a0\u00bb][vc_column][vc_column_text]Accroch\u00e9 sur une petite colline, <strong>Capoliveri<\/strong> est strat\u00e9giquement situ\u00e9, offrant d&rsquo;un c\u00f4t\u00e9 une vue sur le golfe de Porto Azzurro et de l&rsquo;autre sur le golfe Stella, avec une vue suggestive sur le mont Capanne.<\/p>\n<p>Ses origines remontent \u00e0 1906 lorsqu&rsquo;elle s&rsquo;est s\u00e9par\u00e9e de Porto Longone, aujourd&rsquo;hui Porto Azzurro. Plusieurs hypoth\u00e8ses ont toujours exist\u00e9 sur la signification du nom et les origines de la ville.<\/p>\n<p>Le terme <strong>\u00ab\u00a0Caput Liberum\u00a0\u00bb<\/strong> est d&rsquo;origine latine et peut \u00eatre traduit litt\u00e9ralement par <strong>\u00ab\u00a0cap libre\u00a0\u00bb<\/strong>. Une hypoth\u00e8se sugg\u00e8re que le nom d\u00e9rive de la <strong>configuration g\u00e9ographique<\/strong> de la r\u00e9gion o\u00f9 se trouve Capoliveri, libre car entour\u00e9e par la mer. Selon une autre th\u00e9orie, \u00ab\u00a0Caput Liberum\u00a0\u00bb ferait r\u00e9f\u00e9rence \u00e0 un <strong>lieu de libert\u00e9 ou d&rsquo;autonomie<\/strong>, indiquant une zone o\u00f9 les anciens esclaves \u00e9taient rel\u00e9gu\u00e9s, autoris\u00e9s \u00e0 se d\u00e9placer librement dans cet endroit.<\/p>\n<p>Fond\u00e9e comme une forteresse \u00e9trusque sur une colline, elle pourrait avoir une fondation encore plus ancienne, compte tenu de la fr\u00e9quentation des navigateurs grecs et ph\u00e9niciens vers une \u00eele riche en fer, mais d\u00e9j\u00e0 connue pour le cuivre.<\/p>\n<p>\u00c0 l&rsquo;int\u00e9rieur des murs antiques, elle adopta une forme g\u00e9om\u00e9trique rationnelle, typique de la tradition de construction latine. Au Moyen \u00c2ge, le <strong>village fortifi\u00e9<\/strong> se rassembla davantage autour de la place et de l&rsquo;actuelle Via Roma, qui est la rue principale et la plus haute, d&rsquo;o\u00f9, comme une \u00ab\u00a0ar\u00eate de poisson\u00a0\u00bb, s&rsquo;\u00e9tendent tout un ensemble de ruelles, de petites rues, de places et de cours, caract\u00e9ris\u00e9s par des arcs, des passages vo\u00fbt\u00e9s, des passages souterrains et des escaliers lat\u00e9raux.<\/p>\n<p>L&rsquo;<strong>\u00e9glise m\u00e9di\u00e9vale de San Michele<\/strong>, dont il ne reste que des parties de l&rsquo;abside, serait un rare exemple de l&rsquo;architecture pisane la plus pure. On raconte que le <strong>pape Gr\u00e9goire XI<\/strong>, lors du voyage ramenant le si\u00e8ge pontifical d&rsquo;Avignon \u00e0 Rome, surpris par une temp\u00eate, serait mont\u00e9 \u00e0 San Michele et y aurait c\u00e9l\u00e9br\u00e9 la messe. Sur le versant sud de Capoliveri se trouve le <strong>Sanctuaire de Notre-Dame des Gr\u00e2ces<\/strong>.<\/p>\n<p>Parmi les <strong>f\u00eates les plus importantes<\/strong>, il y a la <strong>traditionnelle \u00ab\u00a0Innamorata\u00a0\u00bb<\/strong>, c\u00e9l\u00e9br\u00e9e le 14 juillet avec une procession en costume m\u00e9di\u00e9val du village jusqu&rsquo;\u00e0 la plage de l&rsquo;Innamorata, ainsi que la <strong>Festa dell&rsquo;Uva<\/strong>, d\u00e9di\u00e9e \u00e0 la vendange et aux traditions de Capoliveri, qui a lieu le premier dimanche d\u2019octobre.<\/p>\n<p>Jour de march\u00e9: le jeudi matin.[\/vc_column_text][\/vc_column][\/vc_row][vc_row css=\u00a0\u00bb.vc_custom_1703231958259{margin-top: 50px !important;}\u00a0\u00bb][vc_column width=\u00a0\u00bb1\/2&Prime;][vc_column_text]<\/p>\n<h3><a href=\"https:\/\/www.residencelidoazzurro.it\/fr\/ou-nous-sommes\/\">La position du Residence Lido Azzurro<\/a><\/h3>\n<p>[\/vc_column_text]<div style=\"background-color:;height: 30px\" class=\"nicdark_section  \"><\/div>[vc_single_image image=\u00a0\u00bb2056&Prime; img_size=\u00a0\u00bbfull\u00a0\u00bb onclick=\u00a0\u00bbcustom_link\u00a0\u00bb link=\u00a0\u00bb\/fr\/ou-nous-sommes\/\u00a0\u00bb][\/vc_column][vc_column width=\u00a0\u00bb1\/2&Prime;][vc_column_text]<\/p>\n<h3><a href=\"https:\/\/www.residencelidoazzurro.it\/fr\/porto-azzurro\/\">D\u00e9couvre Porto Azzurro<\/a><\/h3>\n<p>[\/vc_column_text]<div style=\"background-color:;height: 30px\" class=\"nicdark_section  \"><\/div>[vc_single_image image=\u00a0\u00bb3157&Prime; img_size=\u00a0\u00bbfull\u00a0\u00bb onclick=\u00a0\u00bbcustom_link\u00a0\u00bb link=\u00a0\u00bb\/fr\/porto-azzurro\/\u00a0\u00bb][\/vc_column][\/vc_row]<\/p>\n<\/div>","protected":false},"excerpt":{"rendered":"<p>[vc_row full_width=\u00a0\u00bbstretch_row\u00a0\u00bb css=\u00a0\u00bb.vc_custom_1644324629605{padding-top: 50px !important;}\u00a0\u00bb][vc_column][vc_column_text]Accroch\u00e9 sur une petite colline, Capoliveri est strat\u00e9giquement situ\u00e9, offrant d&rsquo;un c\u00f4t\u00e9 une vue sur le golfe de Porto Azzurro et de l&rsquo;autre sur le golfe Stella, avec une vue suggestive sur le mont Capanne. Ses origines remontent \u00e0 1906 lorsqu&rsquo;elle s&rsquo;est s\u00e9par\u00e9e de Porto Longone, aujourd&rsquo;hui Porto Azzurro. Plusieurs hypoth\u00e8ses [&hellip;]<\/p>\n","protected":false},"author":1,"featured_media":0,"parent":0,"menu_order":0,"comment_status":"closed","ping_status":"closed","template":"","meta":{"footnotes":""},"class_list":["post-4783","page","type-page","status-publish","hentry"],"_links":{"self":[{"href":"https:\/\/www.residencelidoazzurro.it\/fr\/wp-json\/wp\/v2\/pages\/4783","targetHints":{"allow":["GET"]}}],"collection":[{"href":"https:\/\/www.residencelidoazzurro.it\/fr\/wp-json\/wp\/v2\/pages"}],"about":[{"href":"https:\/\/www.residencelidoazzurro.it\/fr\/wp-json\/wp\/v2\/types\/page"}],"author":[{"embeddable":true,"href":"https:\/\/www.residencelidoazzurro.it\/fr\/wp-json\/wp\/v2\/users\/1"}],"replies":[{"embeddable":true,"href":"https:\/\/www.residencelidoazzurro.it\/fr\/wp-json\/wp\/v2\/comments?post=4783"}],"version-history":[{"count":5,"href":"https:\/\/www.residencelidoazzurro.it\/fr\/wp-json\/wp\/v2\/pages\/4783\/revisions"}],"predecessor-version":[{"id":4814,"href":"https:\/\/www.residencelidoazzurro.it\/fr\/wp-json\/wp\/v2\/pages\/4783\/revisions\/4814"}],"wp:attachment":[{"href":"https:\/\/www.residencelidoazzurro.it\/fr\/wp-json\/wp\/v2\/media?parent=4783"}],"curies":[{"name":"wp","href":"https:\/\/api.w.org\/{rel}","templated":true}]}}

<div class="wpb-content-wrapper"><p>[vc_row full_width= »stretch_row » css= ».vc_custom_1644324629605{padding-top: 50px !important;} »][vc_column][vc_column_text]Accroché sur une petite colline, <strong>Capoliveri</strong> est stratégiquement situé, offrant d&rsquo;un côté une vue sur le golfe de Porto Azzurro et de l&rsquo;autre sur le golfe Stella, avec une vue suggestive sur le mont Capanne.</p>
<p>Ses origines remontent à 1906 lorsqu&rsquo;elle s&rsquo;est séparée de Porto Longone, aujourd&rsquo;hui Porto Azzurro. Plusieurs hypothèses ont toujours existé sur la signification du nom et les origines de la ville.</p>
<p>Le terme <strong>« Caput Liberum »</strong> est d&rsquo;origine latine et peut être traduit littéralement par <strong>« cap libre »</strong>. Une hypothèse suggère que le nom dérive de la <strong>configuration géographique</strong> de la région où se trouve Capoliveri, libre car entourée par la mer. Selon une autre théorie, « Caput Liberum » ferait référence à un <strong>lieu de liberté ou d&rsquo;autonomie</strong>, indiquant une zone où les anciens esclaves étaient relégués, autorisés à se déplacer librement dans cet endroit.</p>
<p>Fondée comme une forteresse étrusque sur une colline, elle pourrait avoir une fondation encore plus ancienne, compte tenu de la fréquentation des navigateurs grecs et phéniciens vers une île riche en fer, mais déjà connue pour le cuivre.</p>
<p>À l&rsquo;intérieur des murs antiques, elle adopta une forme géométrique rationnelle, typique de la tradition de construction latine. Au Moyen Âge, le <strong>village fortifié</strong> se rassembla davantage autour de la place et de l&rsquo;actuelle Via Roma, qui est la rue principale et la plus haute, d&rsquo;où, comme une « arête de poisson », s&rsquo;étendent tout un ensemble de ruelles, de petites rues, de places et de cours, caractérisés par des arcs, des passages voûtés, des passages souterrains et des escaliers latéraux.</p>
<p>L&rsquo;<strong>église médiévale de San Michele</strong>, dont il ne reste que des parties de l&rsquo;abside, serait un rare exemple de l&rsquo;architecture pisane la plus pure. On raconte que le <strong>pape Grégoire XI</strong>, lors du voyage ramenant le siège pontifical d&rsquo;Avignon à Rome, surpris par une tempête, serait monté à San Michele et y aurait célébré la messe. Sur le versant sud de Capoliveri se trouve le <strong>Sanctuaire de Notre-Dame des Grâces</strong>.</p>
<p>Parmi les <strong>fêtes les plus importantes</strong>, il y a la <strong>traditionnelle « Innamorata »</strong>, célébrée le 14 juillet avec une procession en costume médiéval du village jusqu&rsquo;à la plage de l&rsquo;Innamorata, ainsi que la <strong>Festa dell&rsquo;Uva</strong>, dédiée à la vendange et aux traditions de Capoliveri, qui a lieu le premier dimanche d’octobre.</p>
<p>Jour de marché: le jeudi matin.[/vc_column_text][/vc_column][/vc_row][vc_row css= ».vc_custom_1703231958259{margin-top: 50px !important;} »][vc_column width= »1/2&Prime;][vc_column_text]</p>
<h3><a href="https://www.residencelidoazzurro.it/fr/ou-nous-sommes/">La position du Residence Lido Azzurro</a></h3>
<p>[/vc_column_text]<div style="background-color:;height: 30px" class="nicdark_section  "></div>[vc_single_image image= »2056&Prime; img_size= »full » onclick= »custom_link » link= »/fr/ou-nous-sommes/ »][/vc_column][vc_column width= »1/2&Prime;][vc_column_text]</p>
<h3><a href="https://www.residencelidoazzurro.it/fr/porto-azzurro/">Découvre Porto Azzurro</a></h3>
<p>[/vc_column_text]<div style="background-color:;height: 30px" class="nicdark_section  "></div>[vc_single_image image= »3157&Prime; img_size= »full » onclick= »custom_link » link= »/fr/porto-azzurro/ »][/vc_column][/vc_row]</p>
</div>

<p>[vc_row full_width= »stretch_row » css= ».vc_custom_1644324629605{padding-top: 50px !important;} »][vc_column][vc_column_text]Accroché sur une petite colline, Capoliveri est stratégiquement situé, offrant d&rsquo;un côté une vue sur le golfe de Porto Azzurro et de l&rsquo;autre sur le golfe Stella, avec une vue suggestive sur le mont Capanne. Ses origines remontent à 1906 lorsqu&rsquo;elle s&rsquo;est séparée de Porto Longone, aujourd&rsquo;hui Porto Azzurro. Plusieurs hypothèses [&hellip;]</p>
