{"id":3243,"date":"2022-02-08T15:05:07","date_gmt":"2022-02-08T14:05:07","guid":{"rendered":"http:\/\/lidoazzurro.youelba.com\/isola-delba\/"},"modified":"2024-02-14T11:39:24","modified_gmt":"2024-02-14T10:39:24","slug":"ile-d-elbe","status":"publish","type":"page","link":"https:\/\/www.residencelidoazzurro.it\/fr\/ile-d-elbe\/","title":{"rendered":"\u00cele d\u2019Elbe"},"content":{"rendered":"<div class=\"wpb-content-wrapper\"><p>[vc_row css=\u00a0\u00bb.vc_custom_1581346593738{margin-top: 80px !important;}\u00a0\u00bb][vc_column][vc_column_text]<\/p>\n<h3>D\u00e9couvre l&rsquo;\u00eele d&rsquo;Elbe : nature, histoire et culture<\/h3>\n<p>[\/vc_column_text]<div style=\"background-color:;height: 30px\" class=\"nicdark_section  \"><\/div>[vc_column_text]L&rsquo;Elbe, notre petite \u00eele situ\u00e9e au c\u0153ur de l&rsquo;archipel toscan, est un <strong>microcosme de merveilles naturelles, culturelles et historiques<\/strong>: des villages de p\u00eacheurs romantiques, des villages perch\u00e9s, des ch\u00e2teaux anciens, des vall\u00e9es verdoyantes et des golfes enchanteurs se succ\u00e8dent aux magnifiques plages de sable et de galets.<\/p>\n<p>Avec sa petite taille, elle offre une exp\u00e9rience unique o\u00f9 la <strong>nature change rapidement<\/strong>: un moment, vous \u00eates entour\u00e9 par des <strong>falaises<\/strong> \u00e0 couper le souffle qui surplombent la <strong>mer bleu azur<\/strong>, et juste apr\u00e8s, vous vous retrouvez parmi les <strong>sommets du mont Capanne<\/strong>, <strong>\u00e0 1019 m\u00e8tres d&rsquo;altitude<\/strong>. Un environnement qui transforme chaque vacance en une d\u00e9couverte continue.<\/p>\n<p>Sur le <strong>plan historique et culturel<\/strong>, l&rsquo;\u00eele d&rsquo;Elbe est un livre ouvert sur le pass\u00e9. <strong>Des forteresses, des \u00e9glises et des monuments<\/strong> offrent aux visiteurs une fen\u00eatre sur l&rsquo;histoire, racontant des histoires de <strong>personnages illustres<\/strong> et de <strong>peuples anciens<\/strong>, de l&rsquo;\u00e9poque \u00e9trusque \u00e0 la domination romaine, jusqu&rsquo;\u00e0 l&rsquo;exil de <strong>Napol\u00e9on<\/strong>.[\/vc_column_text][\/vc_column][\/vc_row][vc_row full_width=\u00a0\u00bbstretch_row_content_no_spaces\u00a0\u00bb css=\u00a0\u00bb.vc_custom_1581348112353{padding-top: 50px !important;padding-right: 0px !important;padding-bottom: 0px !important;padding-left: 0px !important;}\u00a0\u00bb][vc_column width=\u00a0\u00bb1\/2&Prime;][vc_single_image image=\u00a0\u00bb3175&Prime; img_size=\u00a0\u00bblarge\u00a0\u00bb][\/vc_column][vc_column width=\u00a0\u00bb1\/2&Prime;][vc_single_image image=\u00a0\u00bb3179&Prime; img_size=\u00a0\u00bblarge\u00a0\u00bb][\/vc_column][\/vc_row][vc_row css=\u00a0\u00bb.vc_custom_1644329657478{padding-top: 50px !important;padding-bottom: 50px !important;}\u00a0\u00bb][vc_column][vc_column_text]<\/p>\n<h3>Comment se rendre sur l&rsquo;\u00eele d&rsquo;Elbe<\/h3>\n<p>[\/vc_column_text]<div style=\"background-color:;height: 30px\" class=\"nicdark_section  \"><\/div>[vc_column_text]Gr\u00e2ce \u00e0 des <a href=\"https:\/\/www.residencelidoazzurro.it\/fr\/ferries\/\"><strong>d\u00e9parts fr\u00e9quents de ferries et d&rsquo;aliscafos<\/strong><\/a>, l&rsquo;\u00eele est <strong>facilement accessible depuis le port de Piombino Marittima<\/strong> avec une heure de navigation.<\/p>\n<p>Plusieurs compagnies maritimes (Toremar, Blu Navy, Corsica Sardegna Elba Ferries et Moby Lines) proposent des <a href=\"https:\/\/www.residencelidoazzurro.it\/fr\/ferries\/\"><strong>ferries<\/strong><\/a> confortables effectuant des travers\u00e9es quotidiennes pour rejoindre <strong>Portoferraio, Cavo et Rio Marina<\/strong>.<\/p>\n<p>Une liaison rapide en <a href=\"https:\/\/www.residencelidoazzurro.it\/fr\/ferries\/\"><strong>aliscafo<\/strong><\/a>, pour le transport de passagers uniquement, permet de rejoindre <strong>Cavo<\/strong> en seulement 20 minutes et <strong>Portoferraio<\/strong> en 35 minutes.<\/p>\n<p>Pendant la p\u00e9riode estivale, l&rsquo;<strong>a\u00e9roport de Marina di Campo<\/strong> relie l&rsquo;Elbe \u00e0 certaines villes europ\u00e9ennes avec des vols hebdomadaires. L&rsquo;a\u00e9roport est situ\u00e9 \u00e0 La Pila, \u00e0 environ 19 km de notre structure.[\/vc_column_text][vc_empty_space]\n\t<div class=\"nd_options_section nd_options_text_align_center\">\n\t<a style=\"border: 1px solid #ffffff;border-radius:px;letter-spacing:4px;line-height:14px;font-size:14px;background-color:#1e73be;padding:15px 20px;margin:10px;color:#ffffff\" rel=\"\" href=\"https:\/\/www.residencelidoazzurro.it\/fr\/ferries\/\" class=\"nicdark_display_inline_block  nd_options_font_weight_normal nd_options_second_font nd_options_disable_lateral_border nd_options_float_left_responsive \">R\u00c9SERVATION DE FERRIES<\/a>\n\t<\/div>\n[\/vc_column][\/vc_row]<\/p>\n<\/div>","protected":false},"excerpt":{"rendered":"<p>[vc_row css=\u00a0\u00bb.vc_custom_1581346593738{margin-top: 80px !important;}\u00a0\u00bb][vc_column][vc_column_text] D\u00e9couvre l&rsquo;\u00eele d&rsquo;Elbe : nature, histoire et culture [\/vc_column_text][vc_column_text]L&rsquo;Elbe, notre petite \u00eele situ\u00e9e au c\u0153ur de l&rsquo;archipel toscan, est un microcosme de merveilles naturelles, culturelles et historiques: des villages de p\u00eacheurs romantiques, des villages perch\u00e9s, des ch\u00e2teaux anciens, des vall\u00e9es verdoyantes et des golfes enchanteurs se succ\u00e8dent aux magnifiques plages de [&hellip;]<\/p>\n","protected":false},"author":1,"featured_media":0,"parent":0,"menu_order":0,"comment_status":"closed","ping_status":"closed","template":"","meta":{"footnotes":""},"class_list":["post-3243","page","type-page","status-publish","hentry"],"_links":{"self":[{"href":"https:\/\/www.residencelidoazzurro.it\/fr\/wp-json\/wp\/v2\/pages\/3243","targetHints":{"allow":["GET"]}}],"collection":[{"href":"https:\/\/www.residencelidoazzurro.it\/fr\/wp-json\/wp\/v2\/pages"}],"about":[{"href":"https:\/\/www.residencelidoazzurro.it\/fr\/wp-json\/wp\/v2\/types\/page"}],"author":[{"embeddable":true,"href":"https:\/\/www.residencelidoazzurro.it\/fr\/wp-json\/wp\/v2\/users\/1"}],"replies":[{"embeddable":true,"href":"https:\/\/www.residencelidoazzurro.it\/fr\/wp-json\/wp\/v2\/comments?post=3243"}],"version-history":[{"count":5,"href":"https:\/\/www.residencelidoazzurro.it\/fr\/wp-json\/wp\/v2\/pages\/3243\/revisions"}],"predecessor-version":[{"id":4837,"href":"https:\/\/www.residencelidoazzurro.it\/fr\/wp-json\/wp\/v2\/pages\/3243\/revisions\/4837"}],"wp:attachment":[{"href":"https:\/\/www.residencelidoazzurro.it\/fr\/wp-json\/wp\/v2\/media?parent=3243"}],"curies":[{"name":"wp","href":"https:\/\/api.w.org\/{rel}","templated":true}]}}

Île d’Elbe

<div class="wpb-content-wrapper"><p>[vc_row css= ».vc_custom_1581346593738{margin-top: 80px !important;} »][vc_column][vc_column_text]</p>
<h3>Découvre l&rsquo;île d&rsquo;Elbe : nature, histoire et culture</h3>
<p>[/vc_column_text]<div style="background-color:;height: 30px" class="nicdark_section  "></div>[vc_column_text]L&rsquo;Elbe, notre petite île située au cœur de l&rsquo;archipel toscan, est un <strong>microcosme de merveilles naturelles, culturelles et historiques</strong>: des villages de pêcheurs romantiques, des villages perchés, des châteaux anciens, des vallées verdoyantes et des golfes enchanteurs se succèdent aux magnifiques plages de sable et de galets.</p>
<p>Avec sa petite taille, elle offre une expérience unique où la <strong>nature change rapidement</strong>: un moment, vous êtes entouré par des <strong>falaises</strong> à couper le souffle qui surplombent la <strong>mer bleu azur</strong>, et juste après, vous vous retrouvez parmi les <strong>sommets du mont Capanne</strong>, <strong>à 1019 mètres d&rsquo;altitude</strong>. Un environnement qui transforme chaque vacance en une découverte continue.</p>
<p>Sur le <strong>plan historique et culturel</strong>, l&rsquo;île d&rsquo;Elbe est un livre ouvert sur le passé. <strong>Des forteresses, des églises et des monuments</strong> offrent aux visiteurs une fenêtre sur l&rsquo;histoire, racontant des histoires de <strong>personnages illustres</strong> et de <strong>peuples anciens</strong>, de l&rsquo;époque étrusque à la domination romaine, jusqu&rsquo;à l&rsquo;exil de <strong>Napoléon</strong>.[/vc_column_text][/vc_column][/vc_row][vc_row full_width= »stretch_row_content_no_spaces » css= ».vc_custom_1581348112353{padding-top: 50px !important;padding-right: 0px !important;padding-bottom: 0px !important;padding-left: 0px !important;} »][vc_column width= »1/2&Prime;][vc_single_image image= »3175&Prime; img_size= »large »][/vc_column][vc_column width= »1/2&Prime;][vc_single_image image= »3179&Prime; img_size= »large »][/vc_column][/vc_row][vc_row css= ».vc_custom_1644329657478{padding-top: 50px !important;padding-bottom: 50px !important;} »][vc_column][vc_column_text]</p>
<h3>Comment se rendre sur l&rsquo;île d&rsquo;Elbe</h3>
<p>[/vc_column_text]<div style="background-color:;height: 30px" class="nicdark_section  "></div>[vc_column_text]Grâce à des <a href="https://www.residencelidoazzurro.it/fr/ferries/"><strong>départs fréquents de ferries et d&rsquo;aliscafos</strong></a>, l&rsquo;île est <strong>facilement accessible depuis le port de Piombino Marittima</strong> avec une heure de navigation.</p>
<p>Plusieurs compagnies maritimes (Toremar, Blu Navy, Corsica Sardegna Elba Ferries et Moby Lines) proposent des <a href="https://www.residencelidoazzurro.it/fr/ferries/"><strong>ferries</strong></a> confortables effectuant des traversées quotidiennes pour rejoindre <strong>Portoferraio, Cavo et Rio Marina</strong>.</p>
<p>Une liaison rapide en <a href="https://www.residencelidoazzurro.it/fr/ferries/"><strong>aliscafo</strong></a>, pour le transport de passagers uniquement, permet de rejoindre <strong>Cavo</strong> en seulement 20 minutes et <strong>Portoferraio</strong> en 35 minutes.</p>
<p>Pendant la période estivale, l&rsquo;<strong>aéroport de Marina di Campo</strong> relie l&rsquo;Elbe à certaines villes européennes avec des vols hebdomadaires. L&rsquo;aéroport est situé à La Pila, à environ 19 km de notre structure.[/vc_column_text][vc_empty_space]
	<div class="nd_options_section nd_options_text_align_center">
	<a style="border: 1px solid #ffffff;border-radius:px;letter-spacing:4px;line-height:14px;font-size:14px;background-color:#1e73be;padding:15px 20px;margin:10px;color:#ffffff" rel="" href="https://www.residencelidoazzurro.it/fr/ferries/" class="nicdark_display_inline_block  nd_options_font_weight_normal nd_options_second_font nd_options_disable_lateral_border nd_options_float_left_responsive ">RÉSERVATION DE FERRIES</a>
	</div>
[/vc_column][/vc_row]</p>
</div>

<p>[vc_row css= ».vc_custom_1581346593738{margin-top: 80px !important;} »][vc_column][vc_column_text] Découvre l&rsquo;île d&rsquo;Elbe : nature, histoire et culture [/vc_column_text][vc_column_text]L&rsquo;Elbe, notre petite île située au cœur de l&rsquo;archipel toscan, est un microcosme de merveilles naturelles, culturelles et historiques: des villages de pêcheurs romantiques, des villages perchés, des châteaux anciens, des vallées verdoyantes et des golfes enchanteurs se succèdent aux magnifiques plages de [&hellip;]</p>
