{"id":5190,"date":"2022-02-08T15:05:07","date_gmt":"2022-02-08T14:05:07","guid":{"rendered":"https:\/\/www.residencelidoazzurro.it\/isola-delba\/"},"modified":"2024-02-19T15:28:34","modified_gmt":"2024-02-19T14:28:34","slug":"ostrov-elba","status":"publish","type":"page","link":"https:\/\/www.residencelidoazzurro.it\/cs\/ostrov-elba\/","title":{"rendered":"Ostrov Elba"},"content":{"rendered":"<div class=\"wpb-content-wrapper\"><p>[vc_row css=&#8220;.vc_custom_1581346593738{margin-top: 80px !important;}&#8220;][vc_column][vc_column_text]<\/p>\n<h3>Esplorujte Elbu: p\u0159\u00edroda, historie a kultura<\/h3>\n<p>[\/vc_column_text]<div style=\"background-color:;height: 30px\" class=\"nicdark_section  \"><\/div>[vc_column_text]Elba, na\u0161e mal\u00e9 ostrov situovan\u00fd v srdci Tosk\u00e1nsk\u00e9ho souostrov\u00ed, je <strong>mikrokosmos p\u0159\u00edrodn\u00edch, kulturn\u00edch a historick\u00fdch z\u00e1zrak\u016f<\/strong>: romantick\u00e1 ryb\u00e1\u0159sk\u00e1 m\u011bste\u010dka, opevn\u011bn\u00e9 vesnice, starobyl\u00e9 hrady, zelen\u00e9 \u00fadol\u00ed a malebn\u00e9 z\u00e1livy se st\u0159\u00eddaj\u00ed se n\u00e1dhern\u00fdmi pl\u00e1\u017eemi z p\u00edsku a \u0161t\u011brku.<\/p>\n<p>Sv\u00e9 kompaktn\u00ed rozm\u011bry nab\u00edz\u00ed jedine\u010dn\u00fd z\u00e1\u017eitek, kde se <strong>p\u0159\u00edroda rychle m\u011bn\u00ed<\/strong>: jednou jste obklopeni <strong>\u00fachvatn\u00fdmi \u00fatesy<\/strong>, kter\u00e9 se ty\u010d\u00ed nad <strong>modrou mo\u0159skou hladinou<\/strong>, a vz\u00e1p\u011bt\u00ed se ocitnete na <strong>vrcholech hory Monte Capanne ve v\u00fd\u0161ce 1019 metr\u016f<\/strong>. Prost\u0159ed\u00ed, kter\u00e9 ka\u017edou dovolenou prom\u011b\u0148uje v neust\u00e1l\u00fd objev.<\/p>\n<p>Na <strong>historick\u00e9m a kulturn\u00edm poli<\/strong> je ostrov Elba otev\u0159enou knihou minulosti. <strong>Hrady, kostely a pam\u00e1tky<\/strong> nab\u00edzej\u00ed n\u00e1v\u0161t\u011bvn\u00edk\u016fm okno do minulosti, vypr\u00e1v\u011bj\u00edc\u00ed p\u0159\u00edb\u011bhy <strong>v\u00fdznamn\u00fdch osobnost\u00ed<\/strong> a <strong>star\u00fdch civilizac\u00ed<\/strong> od etrusk\u00e9ho obdob\u00ed po \u0159\u00edmskou nadvl\u00e1du a\u017e po vyhnanstv\u00ed <strong>Napoleona<\/strong>.[\/vc_column_text][\/vc_column][\/vc_row][vc_row full_width=&#8220;stretch_row_content_no_spaces&#8220; css=&#8220;.vc_custom_1581348112353{padding-top: 50px !important;padding-right: 0px !important;padding-bottom: 0px !important;padding-left: 0px !important;}&#8220;][vc_column width=&#8220;1\/2&#8243;][vc_single_image image=&#8220;3175&#8243; img_size=&#8220;large&#8220;][\/vc_column][vc_column width=&#8220;1\/2&#8243;][vc_single_image image=&#8220;3179&#8243; img_size=&#8220;large&#8220;][\/vc_column][\/vc_row][vc_row css=&#8220;.vc_custom_1644329657478{padding-top: 50px !important;padding-bottom: 50px !important;}&#8220;][vc_column][vc_column_text]<\/p>\n<h3>Jak se dostat na Elbu<\/h3>\n<p>[\/vc_column_text]<div style=\"background-color:;height: 30px\" class=\"nicdark_section  \"><\/div>[vc_column_text]D\u00edky \u010dast\u00fdm <a href=\"https:\/\/www.residencelidoazzurro.it\/cs\/trajekty\/\">ka\u017edodenn\u00edm odjezd\u016fm trajekt\u016f a vodn\u00edch \u0161\u00edp\u016f<\/a> je ostrov <strong>snadno dostupn\u00fd z p\u0159\u00edstavu Piombino Marittima<\/strong> s hodinovou plavbou.<\/p>\n<p>N\u011bkolik lodn\u00edch spole\u010dnost\u00ed (Toremar, Blu Navy, Corsica Sardegna Elba Ferries a Moby Lines) provozuje pohodln\u00e9 <a href=\"https:\/\/www.residencelidoazzurro.it\/cs\/trajekty\/\"><strong>trajekty<\/strong><\/a>, kter\u00e9 denn\u011b p\u0159iv\u00e1\u017eej\u00ed do p\u0159\u00edstav\u016f <strong>Portoferraio, Cavo a Rio Marina<\/strong>.<\/p>\n<p>Rychl\u00e9 spojen\u00ed pomoc\u00ed <a href=\"https:\/\/www.residencelidoazzurro.it\/cs\/trajekty\/\"><strong>vodn\u00edho \u0161\u00edpu<\/strong><\/a>, ur\u010den\u00e9ho pouze pro p\u0159epravu osob, umo\u017e\u0148uje dos\u00e1hnout <strong>Cavo<\/strong> za pouh\u00fdch 20 minut a <strong>Portoferraio<\/strong> za 35 minut.<\/p>\n<p>B\u011bhem letn\u00edho obdob\u00ed leti\u0161t\u011b <strong>Marina di Campo<\/strong> propojuje Elbu s n\u011bkolika evropsk\u00fdmi m\u011bsty prost\u0159ednictv\u00edm t\u00fddenn\u00edch let\u016f. Leti\u0161t\u011b se nach\u00e1z\u00ed v lokalit\u011b La Pila, asi 19 km od na\u0161eho turistick\u00e9ho za\u0159\u00edzen\u00ed.[\/vc_column_text][vc_empty_space]\n\t<div class=\"nd_options_section nd_options_text_align_center\">\n\t<a style=\"border: 1px solid #ffffff;border-radius:px;letter-spacing:4px;line-height:14px;font-size:14px;background-color:#1e73be;padding:15px 20px;margin:10px;color:#ffffff\" rel=\"\" href=\"https:\/\/www.residencelidoazzurro.it\/cs\/trajekty\/\" class=\"nicdark_display_inline_block  nd_options_font_weight_normal nd_options_second_font nd_options_disable_lateral_border nd_options_float_left_responsive \">P\u0158EDOBJEDN\u00c1VKA TRAJEKT\u016e<\/a>\n\t<\/div>\n[\/vc_column][\/vc_row]<\/p>\n<\/div>","protected":false},"excerpt":{"rendered":"<p>[vc_row css=&#8220;.vc_custom_1581346593738{margin-top: 80px !important;}&#8220;][vc_column][vc_column_text] Esplorujte Elbu: p\u0159\u00edroda, historie a kultura [\/vc_column_text][vc_column_text]Elba, na\u0161e mal\u00e9 ostrov situovan\u00fd v srdci Tosk\u00e1nsk\u00e9ho souostrov\u00ed, je mikrokosmos p\u0159\u00edrodn\u00edch, kulturn\u00edch a historick\u00fdch z\u00e1zrak\u016f: romantick\u00e1 ryb\u00e1\u0159sk\u00e1 m\u011bste\u010dka, opevn\u011bn\u00e9 vesnice, starobyl\u00e9 hrady, zelen\u00e9 \u00fadol\u00ed a malebn\u00e9 z\u00e1livy se st\u0159\u00eddaj\u00ed se n\u00e1dhern\u00fdmi pl\u00e1\u017eemi z p\u00edsku a \u0161t\u011brku. Sv\u00e9 kompaktn\u00ed rozm\u011bry nab\u00edz\u00ed jedine\u010dn\u00fd z\u00e1\u017eitek, kde se [&hellip;]<\/p>\n","protected":false},"author":1,"featured_media":0,"parent":0,"menu_order":0,"comment_status":"closed","ping_status":"closed","template":"","meta":{"footnotes":""},"class_list":["post-5190","page","type-page","status-publish","hentry"],"_links":{"self":[{"href":"https:\/\/www.residencelidoazzurro.it\/cs\/wp-json\/wp\/v2\/pages\/5190","targetHints":{"allow":["GET"]}}],"collection":[{"href":"https:\/\/www.residencelidoazzurro.it\/cs\/wp-json\/wp\/v2\/pages"}],"about":[{"href":"https:\/\/www.residencelidoazzurro.it\/cs\/wp-json\/wp\/v2\/types\/page"}],"author":[{"embeddable":true,"href":"https:\/\/www.residencelidoazzurro.it\/cs\/wp-json\/wp\/v2\/users\/1"}],"replies":[{"embeddable":true,"href":"https:\/\/www.residencelidoazzurro.it\/cs\/wp-json\/wp\/v2\/comments?post=5190"}],"version-history":[{"count":5,"href":"https:\/\/www.residencelidoazzurro.it\/cs\/wp-json\/wp\/v2\/pages\/5190\/revisions"}],"predecessor-version":[{"id":5194,"href":"https:\/\/www.residencelidoazzurro.it\/cs\/wp-json\/wp\/v2\/pages\/5190\/revisions\/5194"}],"wp:attachment":[{"href":"https:\/\/www.residencelidoazzurro.it\/cs\/wp-json\/wp\/v2\/media?parent=5190"}],"curies":[{"name":"wp","href":"https:\/\/api.w.org\/{rel}","templated":true}]}}

<div class="wpb-content-wrapper"><p>[vc_row css=&#8220;.vc_custom_1581346593738{margin-top: 80px !important;}&#8220;][vc_column][vc_column_text]</p>
<h3>Esplorujte Elbu: příroda, historie a kultura</h3>
<p>[/vc_column_text]<div style="background-color:;height: 30px" class="nicdark_section  "></div>[vc_column_text]Elba, naše malé ostrov situovaný v srdci Toskánského souostroví, je <strong>mikrokosmos přírodních, kulturních a historických zázraků</strong>: romantická rybářská městečka, opevněné vesnice, starobylé hrady, zelené údolí a malebné zálivy se střídají se nádhernými plážemi z písku a štěrku.</p>
<p>Své kompaktní rozměry nabízí jedinečný zážitek, kde se <strong>příroda rychle mění</strong>: jednou jste obklopeni <strong>úchvatnými útesy</strong>, které se tyčí nad <strong>modrou mořskou hladinou</strong>, a vzápětí se ocitnete na <strong>vrcholech hory Monte Capanne ve výšce 1019 metrů</strong>. Prostředí, které každou dovolenou proměňuje v neustálý objev.</p>
<p>Na <strong>historickém a kulturním poli</strong> je ostrov Elba otevřenou knihou minulosti. <strong>Hrady, kostely a památky</strong> nabízejí návštěvníkům okno do minulosti, vyprávějící příběhy <strong>významných osobností</strong> a <strong>starých civilizací</strong> od etruského období po římskou nadvládu až po vyhnanství <strong>Napoleona</strong>.[/vc_column_text][/vc_column][/vc_row][vc_row full_width=&#8220;stretch_row_content_no_spaces&#8220; css=&#8220;.vc_custom_1581348112353{padding-top: 50px !important;padding-right: 0px !important;padding-bottom: 0px !important;padding-left: 0px !important;}&#8220;][vc_column width=&#8220;1/2&#8243;][vc_single_image image=&#8220;3175&#8243; img_size=&#8220;large&#8220;][/vc_column][vc_column width=&#8220;1/2&#8243;][vc_single_image image=&#8220;3179&#8243; img_size=&#8220;large&#8220;][/vc_column][/vc_row][vc_row css=&#8220;.vc_custom_1644329657478{padding-top: 50px !important;padding-bottom: 50px !important;}&#8220;][vc_column][vc_column_text]</p>
<h3>Jak se dostat na Elbu</h3>
<p>[/vc_column_text]<div style="background-color:;height: 30px" class="nicdark_section  "></div>[vc_column_text]Díky častým <a href="https://www.residencelidoazzurro.it/cs/trajekty/">každodenním odjezdům trajektů a vodních šípů</a> je ostrov <strong>snadno dostupný z přístavu Piombino Marittima</strong> s hodinovou plavbou.</p>
<p>Několik lodních společností (Toremar, Blu Navy, Corsica Sardegna Elba Ferries a Moby Lines) provozuje pohodlné <a href="https://www.residencelidoazzurro.it/cs/trajekty/"><strong>trajekty</strong></a>, které denně přivážejí do přístavů <strong>Portoferraio, Cavo a Rio Marina</strong>.</p>
<p>Rychlé spojení pomocí <a href="https://www.residencelidoazzurro.it/cs/trajekty/"><strong>vodního šípu</strong></a>, určeného pouze pro přepravu osob, umožňuje dosáhnout <strong>Cavo</strong> za pouhých 20 minut a <strong>Portoferraio</strong> za 35 minut.</p>
<p>Během letního období letiště <strong>Marina di Campo</strong> propojuje Elbu s několika evropskými městy prostřednictvím týdenních letů. Letiště se nachází v lokalitě La Pila, asi 19 km od našeho turistického zařízení.[/vc_column_text][vc_empty_space]
	<div class="nd_options_section nd_options_text_align_center">
	<a style="border: 1px solid #ffffff;border-radius:px;letter-spacing:4px;line-height:14px;font-size:14px;background-color:#1e73be;padding:15px 20px;margin:10px;color:#ffffff" rel="" href="https://www.residencelidoazzurro.it/cs/trajekty/" class="nicdark_display_inline_block  nd_options_font_weight_normal nd_options_second_font nd_options_disable_lateral_border nd_options_float_left_responsive ">PŘEDOBJEDNÁVKA TRAJEKTŮ</a>
	</div>
[/vc_column][/vc_row]</p>
</div>

<p>[vc_row css=&#8220;.vc_custom_1581346593738{margin-top: 80px !important;}&#8220;][vc_column][vc_column_text] Esplorujte Elbu: příroda, historie a kultura [/vc_column_text][vc_column_text]Elba, naše malé ostrov situovaný v srdci Toskánského souostroví, je mikrokosmos přírodních, kulturních a historických zázraků: romantická rybářská městečka, opevněné vesnice, starobylé hrady, zelené údolí a malebné zálivy se střídají se nádhernými plážemi z písku a štěrku. Své kompaktní rozměry nabízí jedinečný zážitek, kde se [&hellip;]</p>
